16 is divided by u(6).
7
Let m(v) = v**2 + 8*v + 3. Let n = 16 - 25. Calculate the remainder when 46 is divided by m(n).
10
Let p(l) = l. Let a(z) = z**2 + 3*z - 5. Let x(t) = a(t) - 4*p(t). Suppose 4*n + 0*n = -8, 5*n + 30 = -5*o. What is the remainder when 44 is divided by x(o)?
14
Suppose -3*l + 5*j + 207 = 0, 3*l + 2*j - 6*j - 204 = 0. Let t = l - 46. What is the remainder when 35 is divided by t?
17
Let b(k) = 4*k + 30. What is the remainder when 7 is divided by b(-6)?
1
Suppose 0 = -3*c + 2*f + 251, 5*c - 244 = -4*f + 189. Let g = c + -47. Calculate the remainder when g is divided by 13.
12
What is the remainder when 27 is divided by (30/(-4))/((-42)/56)?
7
Suppose 9*p - 120 = 5*p. Suppose -2*w = 0, 2*i - w - p = 4*w. Calculate the remainder when 29 is divided by i.
14
Let d be 0 + 1 + 0 - -4. Let p(i) = -3*i**3 - i + 2*i**3 - 6*i**2 - 4*i + 12*i**2 + 1. What is the remainder when 2 is divided by p(d)?
0
Suppose -3*j = j. Suppose -2*k - 6 = -5*s + 2*k, -4*s + k + 7 = j. Suppose -4*d + 0*d - s*z = 2, 4*d - 5*z = 33. Calculate the remainder when 2 is divided by d.
0
Suppose 3*c + 2*c = -3*j + 488, 4*j = 4. Calculate the remainder when c is divided by 20.
17
Let i = 13 - 7. Suppose 0 = -2*g + p - i*p + 21, -3*g + 4*p + 43 = 0. Calculate the remainder when 25 is divided by g.
12
Suppose 4*u = -15 + 95. What is the remainder when 9 is divided by (-1)/(2*(-2)/u)?
4
Suppose 5*v + 9 = -w + 64, -w = -v - 79. Let z(n) = 5*n + 4. Calculate the remainder when w is divided by z(3).
18
Suppose 0*f - 40 = -2*f. Suppose -2*c = 3*i - f, -5*c - i + 10 + 14 = 0. What is the remainder when c is divided by 2?
0
Suppose 5*l = -n + 6, 3*n - 3*l = 85 - 31. What is the remainder when n is divided by 9?
7
Let f = 37 - 20. Let p = -6 + f. Calculate the remainder when p is divided by 7.
4
Suppose 24 + 8 = 4*h. What is the remainder when 23 is divided by h?
7
Calculate the remainder when 58 is divided by (10/3)/(28/126).
13
Let q(w) = 5*w**2 + 1. Let a be q(-2). Let z = a + 3. What is the remainder when z is divided by 13?
11
Suppose 0 = 5*o - 10*o + 700. Suppose -o = -4*k - 0*k. What is the remainder when k is divided by 9?
8
Let t = 7 + 66. Calculate the remainder when t is divided by 37.
36
Let q(f) = -f**3 + 7*f**2 - 3*f + 6. Suppose -w + 58 = -2*z, -z = -0*z + 5. Let c = -34 + w. What is the remainder when q(5) is divided by c?
13
Suppose 0*p + 2*p - 42 = 0. What is the remainder when p is divided by 6?
3
Let q be 3*(-1)/((-6)/(-8)). Let m be 3/q - (-2)/(-8). What is the remainder when 22*m/(4/(-2)) is divided by 6?
5
Suppose 159 = 3*r - 9. Suppose -x = -4*c + 49, 0*x + r = 5*c - 3*x. What is the remainder when 63 is divided by c?
11
Suppose -3*c = -0*c - 30. Suppose c = 4*x - 10. What is the remainder when 8 is divided by x?
3
Suppose 0*x + 731 = 3*s - 2*x, 972 = 4*s - 2*x. Let k be (-2)/(-9) - s/(-9). Suppose 5*v = 113 + k. What is the remainder when v is divided by 10?
8
Let t = 117 + -72. Suppose -2*l = -t - 5. What is the remainder when l is divided by 13?
12
Suppose 8*h - 3*h = 60. Calculate the remainder when 44 is divided by h.
8
Let h(w) = -2*w**2 - 22*w + 11. Calculate the remainder when h(-11) is divided by 7.
4
Let r(g) = -g**3 - 9*g**2 - 9*g. Let w be r(-8). Let v = w + -5. What is the remainder when v is divided by 2?
1
Let r be 164/4 - (0 + -1). Let f = r - 15. What is the remainder when f is divided by 7?
6
Let l = -2 - -32. What is the remainder when 57 is divided by l?
27
Suppose 105 = t + 4*t. What is the remainder when t is divided by 6/10 + 296/40?
5
Suppose -c + 28 = -2*p, -3*c - p = -54 + 5. Calculate the remainder when 34 is divided by c.
16
Let x be (-2 + 3)/(1/2). Let a = 4 - x. Suppose -3*t + 7 + 8 = 0. Calculate the remainder when t is divided by a.
1
Suppose 0 = -10*n + 15*n - 350. Calculate the remainder when n is divided by 18.
16
Let n = -25 - -44. Suppose -2*b - b = 5*h - 15, -b = -5*h + 15. Suppose 2*l = -b + 14. What is the remainder when n is divided by l?
5
Let w(j) = j**2 - j + 7. Let b = 21 + -39. What is the remainder when w(-5) is divided by 4/18 + (-338)/b?
18
Suppose 3*p - 1 = 3*y - 7, -5*y = -15. Suppose p - 37 = -4*m. Suppose -6 = -3*n, 0 = 3*i - 0*n - n - 73. What is the remainder when i is divided by m?
7
Suppose -8*u - 159 = -9*u. Calculate the remainder when u is divided by 40.
39
Let f(o) = -o**3 + 3*o**2 + 3*o + 6. Calculate the remainder when f(-4) is divided by 36.
34
What is the remainder when (27/(-6) + 4)*-62 is divided by 11?
9
Suppose 2*y - 20 = 6. What is the remainder when 35 is divided by y?
9
Let l = 7 - -2. Calculate the remainder when 43 is divided by l.
7
Suppose 12 = -4*b, -6*b = 4*g - 4*b - 42. What is the remainder when 0 - (0 + -1) - -46 is divided by g?
11
Let k(j) = j**3 + 5*j**2 + 7. Calculate the remainder when 11 is divided by k(-5).
4
Let i = -17 - -39. Suppose -4*o + 122 = -i. Calculate the remainder when o is divided by 13.
10
Let p be (-2)/8 - (-4)/16. Suppose o + 0 - 8 = p. What is the remainder when 23 is divided by o?
7
Let b = -8 - -44. Calculate the remainder when 141 is divided by b.
33
Suppose -4*m + 6 = -2*x, 15 = 4*m - 2*x + 3*x. What is the remainder when 8 is divided by m?
2
Suppose 10 = 3*a - a, 2*i = 5*a + 55. Calculate the remainder when i is divided by 21.
19
Suppose -10 = -2*f + 88. Let z(s) = s**3 - 9*s**2 + 12*s - 10. Let a be z(8). Let u = 39 - a. What is the remainder when f is divided by u?
15
Suppose -19 = -k - 1. Let o(d) = d**2 - 2*d + 2. Let u(r) = -r**2 + r. Let q(f) = o(f) - 2*u(f). What is the remainder when q(4) is divided by k?
16
Let t(h) = -h**2 + 7*h - 5. Let g be t(4). Suppose -g = 3*k - 22. Calculate the remainder when 12 is divided by k.
2
Let q = 23 + -11. What is the remainder when 116 is divided by q?
8
Suppose -40 = -4*a - 0*a. Suppose 2*t = -4 + a. Suppose 0 = -t*j + 36 - 0. Calculate the remainder when j is divided by 7.
5
Suppose -b = -2*b. Suppose 3*h + j - 5 - 29 = b, 5*h - 70 = j. Calculate the remainder when 38 is divided by h.
12
Let z be 4/10 - (-486)/10. Suppose -5*y + z = -31. Calculate the remainder when y is divided by 6.
4
Suppose 0 = u - 5*f + 2*f - 7, f = 0. Calculate the remainder when 18 is divided by u.
4
Let m(j) = j + 113. Calculate the remainder when m(0) is divided by 29.
26
Let c = -4 + 63. What is the remainder when c is divided by 15?
14
Suppose 3*i = -2*i - 5*u + 45, -u - 35 = -3*i. Calculate the remainder when i is divided by 3.
2
Let y(c) = -c**3 - 6*c**2 + 6. Let g be y(-6). Let v(w) = -w**2 + 8*w. Calculate the remainder when v(g) is divided by 7.
5
Suppose 32*u + 288 = 40*u. What is the remainder when u is divided by 10?
6
Let v = -1 + 2. Let i be (v + (-4)/(-6))*3. Suppose 3*z - 29 = -i*f, -2*z - 2*f = f - 20. What is the remainder when 25 is divided by z?
12
Suppose 8 = c + 2*p - 0*p, -2*p + 2 = -2*c. Let z = 11 - c. Suppose 0 = -s + t + 19, 2 + 1 = -t. Calculate the remainder when s is divided by z.
7
Suppose 2*z = 5*j - 622, 3*j - z - 373 = -0*z. What is the remainder when 1/(j/(-126) + 1) is divided by 16?
15
Let t = -28 - -60. Let g be (-1 + (-54)/10)*-5. Suppose 4*d - g = t. What is the remainder when d is divided by 6?
4
Suppose -s + 0*o = -2*o - 57, 2*o + 204 = 4*s. What is the remainder when s is divided by 2 + 17 + (-2)/1?
15
Let t = -45 - -85. Suppose j - t = -5*b + 4*b, -8 = -4*b. Calculate the remainder when j is divided by 13.
12
Let x = 27 + -40. Let a = x + 20. Let l = 19 - a. What is the remainder when 35 is divided by l?
11
Suppose 2*v = 3*h - 3, -4*h + 3 = 5*v - 8*h. Let w be -1*-1*(-2 - -5). Suppose w*j - 15 = 9. What is the remainder when j is divided by v?
2
Suppose 4*s - 181 + 109 = 0. Let p = 26 - 36. Let j = 25 - p. Calculate the remainder when j is divided by s.
17
Let j(b) = 1 + b - 1 + 2. Calculate the remainder when j(8) is divided by 6.
4
Suppose 3*x = x - 6. What is the remainder when 2 is divided by x + (-6)/(-3) - -2?
0
Suppose -2*j - 2*x + 3*x = -61, 0 = 5*x + 15. Calculate the remainder when j is divided by 10.
9
Let v(y) = -y**3 - 8*y**2 + 5*y + 4. Calculate the remainder when v(-9) is divided by 14.
12
Let s(p) = -p**2 - 6*p. Let j be s(-6). Let r = 11 + j. What is the remainder when r is divided by 4?
3
Let u = 46 + -26. What is the remainder when u is divided by 1/(3/21